26.
2, 7, 31, 163, 1553
What are the prime factors of 201952266?
2, 3, 139, 463, 523
List the prime factors of 1082506328.
2, 71, 1905821
What are the prime factors of 173755869?
3, 7, 23, 15641
List the prime factors of 4785542232.
2, 3, 61, 3268813
What are the prime factors of 34908133?
13, 15889
List the prime factors of 80634404.
2, 19, 2939
What are the prime factors of 416638043?
416638043
List the prime factors of 1452599873.
32579, 44587
What are the prime factors of 54531929?
4931, 11059
What are the prime factors of 52716825?
3, 5, 7, 3719
What are the prime factors of 157462204?
2, 509, 77339
List the prime factors of 7812748521.
3, 868083169
What are the prime factors of 58161585?
3, 5, 43, 90173
List the prime factors of 913114149.
3, 17, 59, 73, 4157
What are the prime factors of 219105307?
219105307
List the prime factors of 3005360016.
2, 3, 29, 2159023
What are the prime factors of 831247332?
2, 3, 69270611
What are the prime factors of 322294330?
2, 5, 17, 1171, 1619
List the prime factors of 176735605.
5, 61, 149, 3889
List the prime factors of 5483184684.
2, 3, 456932057
List the prime factors of 38386351.
2207, 17393
What are the prime factors of 18688053?
3, 113, 55127
List the prime factors of 3555458395.
5, 3517, 202187
List the prime factors of 760671970.
2, 5, 17, 47, 95203
List the prime factors of 90528041.
41, 89, 24809
What are the prime factors of 556804287?
3, 13, 528779
List the prime factors of 121330126.
2, 60665063
List the prime factors of 421520477.
7, 179, 353, 953
List the prime factors of 21980637.
3, 7, 29, 53, 227
List the prime factors of 13426711.
19, 706669
List the prime factors of 146862313.
13, 2357, 4793
What are the prime factors of 112578989?
41, 2745829
What are the prime factors of 140478979?
43, 499, 6547
What are the prime factors of 514110405?
3, 5, 29, 631, 1873
List the prime factors of 2487342058.
2, 227, 593, 9239
List the prime factors of 176443046.
2, 13, 173, 39227
List the prime factors of 1424170377.
3, 7, 1097, 6869
List the prime factors of 658602975.
3, 5, 8781373
List the prime factors of 1325663731.
7, 189380533
What are the prime factors of 6216274?
2, 1129, 2753
List the prime factors of 29408619.
3, 79, 124087
What are the prime factors of 822566771?
13, 4867259
List the prime factors of 185324729.
53, 3496693
List the prime factors of 79993702.
2, 31, 439, 2939
What are the prime factors of 109655626?
2, 54827813
What are the prime factors of 1616843261?
11, 1109, 12049
What are the prime factors of 1307783349?
3, 131, 1109231
List the prime factors of 203776348.
2, 17, 193, 15527
List the prime factors of 218467452.
2, 3, 7, 2600803
What are the prime factors of 187350850?
2, 5, 73, 51329
List the prime factors of 209800107.
3, 11, 251, 8443
List the prime factors of 364995072.
2, 3, 13, 677
List the prime factors of 360574069.
360574069
List the prime factors of 1288931440.
2, 5, 263, 61261
List the prime factors of 3501767042.
2, 9001, 194521
List the prime factors of 35080410.
2, 3, 5, 1169347
List the prime factors of 414893682.
2, 3, 7, 103, 4567
List the prime factors of 114858151.
114858151
List the prime factors of 43161290.
2, 5, 4316129
What are the prime factors of 3317093?
13, 31, 8231
What are the prime factors of 4380747497?
7, 37, 67, 252449
What are the prime factors of 253290205?
5, 7, 29, 257, 971
List the prime factors of 327919338.
2, 3, 18217741
List the prime factors of 23346901.
23346901
What are the prime factors of 335550725?
5, 557, 24097
List the prime factors of 1219957013.
11, 110905183
What are the prime factors of 98450976?
2, 3, 13, 78887
List the prime factors of 74859645.
3, 5, 7, 41, 17389
List the prime factors of 145506686.
2, 13, 5596411
List the prime factors of 78101506.
2, 7, 83, 67213
What are the prime factors of 818281403?
41, 3041, 6563
List the prime factors of 170109307.
31, 5487397
What are the prime factors of 225524854?
2, 2437, 46271
List the prime factors of 206070055.
5, 661, 62351
List the prime factors of 17344879.
17, 59, 17293
List the prime factors of 228881814.
2, 3, 7, 5449567
List the prime factors of 33608745.
3, 5, 17, 43933
What are the prime factors of 52909695?
3, 5, 17, 69163
List the prime factors of 1506568922.
2, 753284461
What are the prime factors of 135759635?
5, 11, 2468357
List the prime factors of 34378602.
2, 3, 5729767
List the prime factors of 26280811.
26280811
What are the prime factors of 618410779?
7, 101, 874697
What are the prime factors of 3529574498?
2, 1764787249
What are the prime factors of 3494097218?
2, 47, 37171247
What are the prime factors of 72964718?
2, 36482359
What are the prime factors of 4398904998?
2, 3, 244383611
What are the prime factors of 210943767?
3, 29, 43, 113, 499
What are the prime factors of 7944163573?
653, 1033, 11777
What are the prime factors of 396311264?
2, 12384727
List the prime factors of 640312440.
2, 3, 5, 31, 172127
List the prime factors of 4572416687.
127, 36003281
List the prime factors of 71610807.
3, 359, 66491
What are the prime factors of 3536592677?
23, 257, 598307
What are the prime factors of 20960799?
3, 41, 170413
List the prime factors of 198930208.
2, 6216569
List the prime factors of 28415969.
29, 193, 5077
What are the prime factors of 330574246?
2, 165287123
What are the prime factors of 3318548090?
2, 5, 11, 13, 269, 8627
What are the prime factors of 106593143?
106593143
List the prime factors of 144532578.
2, 3, 29, 28643
What are the prime factors of 228867430?
2, 5, 11, 17, 122389
List the prime factors of 54469617.
3, 509, 35671
What are the prime factors of 877902171?
3, 349, 463, 1811
What are the prime factors of 2483298307?
7, 17, 31, 607, 1109
What are the prime factors of 562053235?
5, 17, 6612391
List the prime factors of 3394066386.
2, 3, 2039, 277429
List the prime factors of 660922063.
23131, 28573
What are the prime factors of 77509174?
2, 38754587
List the prime factors of 195463834.
2, 97731917
What are the prime factors of 18431982?
2, 3, 341333
List the prime factors of 1479806597.
2239, 660923
List the prime factors of 10610021.
41, 251, 1031
List the prime factors of 74928735.
3, 5, 7, 79, 3011
List the prime factors of 1838272749.
3, 149, 4112467
What are the prime factors of 473040786?
2, 3, 2767, 28493
What are the prime factors of 1844435111?
17, 103, 1053361
What are the prime factors of 647820673?
647820673
What are the prime factors of 2221533656?
2, 19, 31, 337, 1399
List the prime factors of 21772960.
2, 5, 11, 89, 139
List the prime factors of 414791954.
2, 207395977
What are the prime factors of 300399729?
3, 7, 14304749
What are the prime factors of 176816097?
3, 59, 332987
What are the prime factors of 1284460107?
3, 7, 31, 63647
What are the prime factors of 47852429?
47852429
List the prime factors of 362066067.
3, 11, 59, 61987
List the prime factors of 612016812.
2, 3, 11, 29, 137, 389
List the prime factors of 88984189.
7, 241, 52747
List the prime factors of 2244144820.
2, 5, 1621, 69221
What are the prime factors of 110623267?
17, 6507251
List the prime factors of 558794298.
2, 3, 93132383
What are the prime factors of 110560337?
1709, 64693
List the prime factors of 406690019.
406690019
List the prime factors of 1052513133.
3, 7, 877, 57149
List the prime factors of 1185623394.
2, 3, 197603899
List the prime factors of 9634292.
2, 19, 109, 1163
List the prime factors of 614606379.
3, 419, 488947
What are the prime factors of 1531679068?
2, 223, 1717129
List the prime factors of 2063418807.
3, 31, 22187299
What are the prime factors of 111261329?
111261329
What are the prime factors of 422432624?
2, 19, 1021, 1361
List the prime factors of 203419017.
3, 22602113
List the prime factors of 1274187630.
2, 3, 5, 557, 76253
What are the prime factors of 437425902?
2, 3, 503, 48313
What are the prime factors of 2006200763?
7, 286600109
List the prime factors of 739288808.
2, 947, 97583
List the prime factors of 273283525.
5, 10931341
List the prime factors of 57738223.
2267, 25469
List the prime factors of 963721644.
2, 3, 80310137
What are the prime factors of 1834636632?
2, 3, 76443193
List the prime factors of 159629194.
2, 103, 827, 937
What are the prime factors of 6352754?
2, 3176